{"id":4,"date":"2018-03-16T18:35:41","date_gmt":"2018-03-16T18:35:41","guid":{"rendered":"http:\/\/vygintasorlovas.com\/biography\/?page_id=4"},"modified":"2025-03-05T12:18:33","modified_gmt":"2025-03-05T12:18:33","slug":"main","status":"publish","type":"page","link":"https:\/\/vygintasorlovas.com\/biography\/","title":{"rendered":"biography"},"content":{"rendered":"<header class=\"entry-header\">\n<p class=\"entry-title\">Vygintas Orlovas, born in 1989 in Kaunas, Lithuania, is an artist-researcher working in both the visual and audible art fields, while focusing on the relations, connections and interactions of these fields.<\/p>\n<\/header>\n<div class=\"entry-content\">\n<p><strong><b>Education and work:<br \/><\/b><\/strong>2022 &#8211; 2024 postdoctoral fellowship at Vilnius Academy of Arts<strong><b>;<br \/><\/b><\/strong>2022 &#8211;<strong><b> present <\/b><\/strong>member of the working group at <a href=\"https:\/\/lumbungradio.stationofcommons.org\/\">Lumbung Radio<\/a> and the curator of &#8220;vaporwave&#8221;;<br \/>2020 &#8211; <strong>present<\/strong> twitch affiliate <a href=\"https:\/\/www.twitch.tv\/v_of_londor\/\">V_of_Londor<\/a>, member of <a href=\"https:\/\/www.teamhitless.com\/project\/V_of_Londor\/\">team hitless<\/a> and <a href=\"https:\/\/www.twitch.tv\/team\/widers\">team widers<\/a>;<br \/>2019 &#8211; <strong>present<\/strong> head of the department of Site-specific and Scenography at Vilnius Academy of Arts;<strong><b><br \/><\/b><\/strong><b><\/b><b><\/b>2015 &#8211; <strong>present<\/strong> teaching at Vilnius Academy of Arts;<br \/>2014 &#8211; 2019 doctor of fine arts Vilnius Academy of Arts;<strong><b><br \/><\/b><\/strong>2017 &#8211; internship on Schlieren Flow sound analysis at OptoSigma, Japan;<br \/>2012\u20132014 &#8211; master of fine arts <span lang=\"lt-LT\">(with distinction)<\/span>, Vilnius Academy of Art;<br \/>2008\u20132012 &#8211; bachelor of fine arts, Vilnius Academy of Art, department of Monumental Art and Scenography, fresco-mosaic specialization;<br \/>2006\u20132008 &#8211; Kaunas Art Gymnasium, painting specialization;<br \/>2003\u20132007 &#8211; Kaunas A. Martinaitis Art School.<\/p>\n<p><strong><b>Residencies:<\/b><\/strong><br \/>2018, 26th of June-26th of July\u00a0\u2013 artist in residence at Akiyoshidai International Art Village, Japan.<a href=\"http:\/\/aiav.jp\/event\/5730.html\">\u2013<\/a><br \/>2015, 15th-28th of July \u2013 project open studio in the gallery &#8220;Malonioji 6\u201c in Vilnius. Also a performance &#8220;ref\/inter \u2013 react_cable\u201c on the 24th of July.<br \/>2014, October-November \u2013 artist in residence in Kristiansand, Norway. Part of the project CreAiR Kristiansand (CreArt).<\/p>\n<p><strong><b>Solo shows and releases:<\/b><\/strong><br \/>2023, 25th of April &#8211; 12th of May, solo exhibition &#8220;Without You I&#8217;m Nothing&#8221; in gallery &#8220;Artifex\u201d, in Vilnius, Lithuania.<br \/>2020, 21st of July, album &#8220;ref\/inter &#8211; For Hans Jenny&#8221; released on Electron Emitter records.<a href=\"https:\/\/electronemitter.bandcamp.com\/album\/for-hans-jenny\">&#8211;<\/a><br \/>2019, December &#8211; 2020 January, <a href=\"https:\/\/prezi.com\/view\/isiEv0NUYbNlFcSIIVe2\">solo exhibition &#8220;xqvhawhhef&#8221; in the exhibition space of VAA <\/a>&#8220;Titanic&#8221;.<strong><b><br \/><\/b><\/strong>2018, 14th of July \u2013 16th of August, solo exhibition &#8220;If I was recording Your voice, would you speak in the same fashion You spoke yesterday?&#8221;, in AIAV, Yamaguchi pref., Japan.<br \/>2018, 3rd of May, EP &#8220;ref\/inter &#8211; iwbiactnle&#8221; released on Electron Emitter records.<a href=\"http:\/\/www.electronemitter.net\/releases\/ref-inter-iwbiactnle\/\">\u2013<\/a><strong><b><br \/><\/b><\/strong>2017, 31st of October, album &#8220;ref\/inter &#8211; \/inter\u201d (remastered) released on Electron Emitter records.<a href=\"http:\/\/www.electronemitter.net\/releases\/ref-inter-inter\/\">\u2013<\/a><br \/>2017, 29th of March \u2013 2nd of April, solo exhibition &#8220;\/inter\u201d and two performances in gallery \u201cSnerk\u201d, in Tromso, Norway.<strong><b><br \/><\/b><\/strong>2017, 23rd of February \u2013 9th of March, solo exhibition &#8220;Dar prie\u0161 i\u0161tariant \u017eod\u012f, prasm\u0117 jau buvo pakitusi\u201d and a performance in gallery &#8220;Artifex\u201d, in Vilnius, Lithuania.<br \/>2016, 10th of September, art performance &#8220;ref\/inter \u2013 inter\u201c (part of Vilnius Gallery Weekend), in &#8220;Yucatan&#8221;, Vilnius, Lithuania.<br \/>2014, 19th of November \u2013 performance &#8220;ref\/inter\u201c in the gallery &#8220;Vaktbua-Odder\u00f8ya\u201c, in Kristiansand, Norway.<\/p>\n<p><strong><b>Publications:\u00a0<br \/><\/b><\/strong>2024 publication &#8220;The Influence of Post-Internet on the Aesthetics of Vaporwave&#8221; in: <a href=\"https:\/\/aaav.vda.lt\/journal\/issue\/view\/aaav113\"><em>Acta Academiae Artium Vilnensis No. 113 (2024)<\/em><\/a> (ISSN 1392-0316).<strong><b><br \/><\/b><\/strong>2019 publication &#8220;<span style=\"font-weight: 400;\">The Influence of Internet Culture on the Shifts in Aesthetics. A Practice-based Approach to Vaporwave\u201d in: <a href=\"http:\/\/www.sovijus.lt\/wordpress\/?page_id=1779\"><em>Sovijus. Tarpdalykiniai kult\u016bros tyrimai.T.7- Nr.1<\/em><\/a> (ISSN 2351-4728).<br \/>2016 publication &#8220;Meninio tyrimo aspektai garsovaizd\u017eio studijose: lyginamoji atvej\u0173 analiz\u0117\u201d in: &#8220;<a href=\"http:\/\/www.vygintasorlovas.com\/wp-content\/uploads\/2017\/09\/publication-2016-Ars-et-praxis-IV.pdf\">Ars et Praxis IV<\/a>\u201c.<\/span><\/p>\n<p><strong><b>Group exhibitions and shows:<br \/><\/b><\/strong>2020, 3rd-31st of October, group exhibition &#8220;Nuo juoda iki balta&#8221; at gallery &#8220;42&#8221;, Cetinje, Montenegro. Works &#8220;Black V3\u201d and &#8220;Melolonthinae Cyphochilus \/ TiO\u00b2&#8221;.<br \/>2020, 21st of August-5th of September, group exhibition &#8220;Enter 18&#8221; at &#8220;\u0160iauli\u0173 dail\u0117s galerija&#8221;. Interactive installation &#8220;inter (adaptuota ENTER)&#8221;.<br \/>2020, 23rd-26th of January, group interactive installation &#8220;Anthropogenic communities&#8221; with Agn\u00e8s M and Bon Alog at gallery &#8220;SHCH \/ \u0160\u010c&#8221;, Vilnius.<br \/>2019, 14th-26th of October, group exhibition &#8220;Nuo juoda iki balta&#8221; at gallery &#8220;Akademija&#8221;, Vilnius. Works &#8220;Black V3\u201d and &#8220;Melolonthinae Cyphochilus \/ TiO\u00b2&#8221;.<br \/>2019, 6th-30th of July, group exhibition &#8220;EmEm&#8221; at Trak\u0173 Vok\u0117 Manor. Installation &#8220;Dedicated to Solanum Tuberosum&#8221;.<br \/>2019, 12th of April &#8211; 6th of May, group exhibition &#8220;Ne_fiksuojanti laikmena&#8221; at gallery &#8220;Arka&#8221;, Vilnius. Part of the 4th contemporary art quadriennale &#8220;Q19: Memorabilia. \u012era\u0161yti \u012f atmint\u012f\u201c.<br \/>2019, 24th of February, performance ,&#8221;pd modular&#8221; at &#8220;Advanced Electronics: ref\/inter, Martin Rach&#8221;, at ,&#8221;Paviljonas&#8221;, Vilnius.<br \/>2018, December, group exhibition &#8220;Beauty of Life&#8221;, at gallery &#8220;RA&#8221;, Vilnius.<br \/>2018, 18th of November, performance &#8220;\/inter b\/w&#8221; at &#8220;AE3 &#8211; Digitalogue: id \/ ref\/inter&#8221;, at &#8220;Paviljonas&#8221;, Vilnius.<br \/>2018, 16th of September, performance &#8220;\/inter b\/w&#8221; at &#8220;Potiomkinas in music &amp; colour&#8221;, at Potiomkinas, Kaunas.<br \/>2018, 3rd of June, performance &#8220;\/inter b\/w&#8221; at &#8220;Postcosmos viii&#8221;, Mol\u0117t\u0173 dangaus \u0161viesuli\u0173 stebykla.<a href=\"https:\/\/youtu.be\/wA_4WUHSrzo\">\u2013<\/a><strong><b><br \/><\/b><\/strong>2018, 19th of May, performance at &#8220;Gatv\u0117s triuk\u0161mo diena&#8221;, part of &#8220;Gatv\u0117s muzikos diena&#8221;, Vilnius.<br \/>2018, 5th-22nd of April, group exhibition &#8220;Science and Life\u201d, in the exhibition space of VAA &#8220;Titanikas\u201d, Vilnius.<a href=\"http:\/\/vda.lt\/lt\/aukstuju-studiju-fakultetas\/naujienos\/mokslas-ir-gyvenimas-meno-doktorantu-paroda\">\u2013<\/a><br \/>2018, 18th of March, performance &#8220;\/inter&#8221; at &#8220;Advanced Electronics: ref\/inter, Noise Ladder\u201d, in ,,Paviljonas\u201d, Vilnius.<a href=\"http:\/\/www.electronemitter.net\/events\/advanced-electronics\/refinter-noise-ladder\/\">\u2013<\/a><br \/>2017, 14th of October, light installation festival &#8220;Beepositive 2017\u2033 in Pilait\u0117 district, Vilnius, sound and light installation &#8220;BC Piliakalnis\u201d.<br \/>2017, 12th of October \u2013 5th of November, &#8220;20th Miniatures International Exhibition\u201d in Novi Dvori, Zapresic (Croatia), triptych &#8220;Stolen memories\u201d.<br \/>2017, 29th of September and 30th of September, installation &#8220;Garso-vaizd\u017eio laboratorija\u201d and a workshop on the pure data programming environment in music and art festival &#8220;AREA 2017\u2033, Kaunas.<br \/>2017, 24th of September, performance &#8220;re-\/inter\u201d at ,,Advanced Electronics: Noise Ladder, ref\/inter\u201d, in &#8220;Paviljonas\u201d, Vilnius.<a href=\"http:\/\/www.electronemitter.net\/events\/advanced-electronics\/noise-ladder-refinter\/\">\u2013<\/a><br \/>2017, 10th of June, performance &#8220;re-\/inter\u201d at ,,Audiovisuals: ref\/inter, Number Eleven\u201d, in &#8220;Ideas Block\u201d, Vilnius.<a href=\"https:\/\/youtu.be\/PCq7PdyRtjk?list=PLd78ljdlMd1NtHDLaM-ltCh4EPQ9Kc9qa\">\u2013<\/a><br \/>2017, 3rd of June, performance in &#8220;\u012etampos ZOOna: R.E, KiB+entropija, ref\/inter, Number Eleven\u201d, in &#8220;Raudona ZOOna\u201d, Kaunas.<a href=\"http:\/\/www.electronemitter.net\/events\/itampos-zoona\/\">\u2013<\/a><br \/>2017, 26th of April \u2013 14th of May, group exhibition of artistic research &#8220;Darbalaukis\u201d, in the exhibition space of VAA &#8220;Titanikas\u201d, Vilnius.<a href=\"http:\/\/artnews.lt\/meninio-tyrimo-paroda-darbalaukis-vda-titanike-42360\">\u2013<\/a><strong><br \/><\/strong>2017, 23rd of April, performance in &#8220;Advanced Electronics: ref\/inter, Number Eleven\u201d, Vilnius.<a href=\"http:\/\/www.electronemitter.net\/events\/advanced-electronics\/advanced-electronics-number-eleven-ref-inter\/\">\u2013<\/a><strong><b><br \/><\/b><\/strong>2017, 11th of March, performance during the opening of &#8220;I was born in a country that no longer exists\u201d, part of the art festival &#8220;Duisburger Akzente\u201d in Duisburg, Germany.<strong><b><br \/><\/b><\/strong>2017, 24th of January, performance &#8220;\/inter\u201d at event &#8220;Emerald splash Vol.2\u2033 at &#8220;Shinjuku Antiknock!\u201d, Tokyo, Japan.<a href=\"http:\/\/antiknock.net\/detail\/2017\/01\/24\/\" target=\"_blank\" rel=\"noopener noreferrer\">\u2013<\/a><strong><br \/><\/strong>2016, 16th of December, performance &#8220;\/inter\u201d at event &#8220;Garsovaizd\u017eiai: Giri\u0173 dvasios, Virsmai, ref\/inter\u201d at LARGO, Kaunas.<strong><br \/><\/strong>2016, 23rd of November, performance art event &#8220;<span lang=\"lt-LT\">Performanso laboratorija pasirodo\u201c in Vilnius Academy of Arts, Vilnius. Performance &#8220;ref\/inter \u2013 react\u201c.<\/span><br \/>2016, 4th of july \u2013 17th of june, group exhibition &#8220;6x6x2016\u201c in the &#8220;Rochester contemporary art center\u201c, New York. Small scale painting series &#8220;RGB\/Xerox\/CMYK\u201c.<br \/>2016, 28th of May \u2013 29th of May, music and art festival &#8220;Postcosmos V\u201c, Mol\u0117t\u0173 dangaus \u0161viesuli\u0173 stebykla. Performance &#8220;ref\/inter \u2013 react\u201c.<br \/>2016, 28th of April \u2013 21st of May, group exhibition of the doctoral students of art from Vilnius Academy of Arts &#8220;Atviros studijos 2016\u2033, in the exhibition space of VAA &#8220;Titanic\u201c. Open studio &#8220;sound-image lab\u201c.<br \/>2015, 29th of October \u2013 &#8220;Severe Stream\u201c in the gallery \u201emeno forma\u201c, in Kaunas. Part of the international media art and music festival &#8220;Centras X\u201c. Performance &#8220;ref\/inter \u2013 react_slice\u201c.<br \/>2015, October-November \u2013 &#8220;Art Future\/Future Signs\u201c, in the Latvian Academy of Art, in Riga. Performance &#8220;ref\/inter \u2013 react_slice\u201c during the opening of the exhibition and the documentation of the performance as a work in the exhibition.<br \/>2015, 24th of September \u2013 &#8220;Researcher\u2019s Night\u201c, in the &#8220;National art gallery&#8221; in Vilnius. Interactive installation &#8220;ref\/inter-react_cable\u201c.<br \/>2015, May \u2013 &#8220;Mnemosin\u0117s ledkalnis\u201c in the exhibition hall of Vilnius Academy of Art \u201eTitanic\u201c in Vilnius. Installation &#8220;React_cable\u201c.<br \/>2015, April \u2013 &#8220;Kosmin\u0117 Odis\u0117ja 2.0\u201c in the exhibition hall of Vilnius Academy of Art &#8220;Titanic\u201c in Vilnius. Installation &#8220;Translation: a Story\u201c. Monotype prints, sound, text.<br \/>2014, November \u2013 CreAiR &#8220;Temporary Threads\u201c in the X-house, in Kristiansand, Norway. Installation &#8220;Translation: a Story\u201c. Monotype prints, sound, text.<br \/>2014, 20th of June \u2013 &#8220;Meno cel\u0117s\u201c in Vilnius Academy of Art. Installation &#8220;Transformation\u201c.<br \/>2014, 22nd of April \u2013 &#8220;Kosmin\u0117s odis\u0117jos\u201d (student art days) performative art lab in the exhibition hall of Vilnius Academy of Art &#8220;Titanic\u201c in Vilnius. Performance &#8220;ref\/inter \u2013 transformation\u201d.<br \/>2013, June-July \u2013 project &#8220;Baltijos Srov\u0117s\u201c (streaming the Baltics) in the Almedalen week in Gotland, Sweden. A group wall painting created together with the local artists and art students.<br \/>2012, 16th of June \u2013 ,&#8221;Meno cel\u0117s\u201d in Vilnius Academy of Art. Performance ,&#8221;Sound Paintings\u201d.<br \/>2012, (January-February) &#8220;Variations\u201d in the exhibition hall of Vilnius Academy of Art \u201eTitanic\u201c in Vilnius. Installation &#8220;reflections\/interpreting \u2013 swing swing\u201d.<br \/>2011, December \u2013 2012m. January \u2013 &#8220;REMIX 2011\u201d in the gallery &#8220;Arka\u201c, in Vilnius. Installation &#8220;reflections\/interpreting\u201d.<br \/>2011, 2nd of December \u2013 Charity auction-concert &#8220;The Well-being of a Child is Our Future\u201d.<br \/>2011, 11th of November \u2013 art and music festival &#8220;Insanitus\u201c in an abandoned shoe factory \u201eLituanica\u201c in Kaunas. Performance &#8220;reflections\/interpreting\u201d.<br \/>2011, (September-October) \u2013 &#8220;Lietuvos sakm\u0117\u201d (Lithuania\u2019s Tale) in the Radvilai palace in Vilnius. Painting &#8220;Abstract Tale\u201d.<br \/>2011, (August-September) \u2013 &#8220;Signs of Vilnius\u201c in the &#8220;City hall&#8221; in Vilnius. Mixed media works &#8220;signs 1-5\u201c.<br \/>2011, (August-September) \u2013 &#8220;XXI century Self-Portrait\u201d in the gallery &#8220;Arka\u201c in Vilnius. Mixed media work &#8220;Self-Portrait?\u201d.<br \/>2011, (July-August) \u2013 underwater glass art exhibition in lake Plateliai &#8220;Aqualangas\u201d. Work &#8220;Invasion\u201d.<br \/>2011, (May-June) \u2013 international glass art and miniature exhibition \u201ch 50\u201d in Riga, Latvia. Work &#8220;Memory 7\u201d.<br \/>2009, \u2013 student art days in Vilnius Academy of Arts.<\/p>\n<p><strong><b>Conferences:<\/b><\/strong><br \/>2024, 23rd-25th of October, International conference &#8220;Open Fields conference&#8221; part of &#8220;RIXC Art and Science Festival and Exhibition: Symbiotic Sense(s)&#8221; at Neiburgs Hotel, Riga, Latvia. Presented paper &#8220;Emergence in Interactive Art: The Case of the Exhibition Non-Human Communications&#8221;.<br \/>2023, 4th-5th of May, National conference &#8220;Am\u017eiaus samprata ir rai\u0161ka kult\u016broje&#8221; at gallery &#8220;\u017didinys&#8221;, Vilnius, Lithuania. Presented paper &#8220;Vaporwave Aesthetics in Relation to the Post-Internet Age&#8221;.<br \/>2021, 23rd-25th of September, International conference &#8220;PostSensorium. RIXC Art Science Festival 2021 and Open Fields Conference&#8221; online event hosted by RIXC at Riga, Latvia. Presented paper &#8220;Sound analysis by schlieren flow visualization&#8221;.<br \/>2019, 5th-7th of September, International conference &#8220;XV Color Conference&#8221; at <span style=\"font-weight: 400;\">Accademia Belle Arti Macerata, Italy. Presented paper \u201cSound as color. A comparative analysis of sound-image in early 20th c. Europe\u201d.<\/span><br \/>2018, 4th-5th of May,\u00a0National conference of aesthetics and philosophy of art ,,Komparatyvizmas, globalizacija ir dabartini\u0173 estetikos bei meno filosofijos diskurs\u0173 kaita&#8221; at Lietuvos kult\u016bros tyrim\u0173 institutas, Vilnius. Presented paper ,,Estetikos diskurso kaita skaitmenini\u0173 technologij\u0173 am\u017eiuje.\u00a0<em>Vaporwave<\/em> atvejo analiz\u0117&#8221;.<br \/>2018, 23rd of March, seminar ,,Integruoto meninio ugdymo inovacijos&#8221; at the\u00a0Lithuanian University of Educational Sciences. Presented paper ,,Garso-vaizd\u017eio tyrim\u0173 i\u0161takos ir nauj\u0173j\u0173 medij\u0173 panaudojimo galimyb\u0117s&#8221;.<br \/>2017, 19th-21st of October, international conference ,,Virtualities and Realities\u201d at the Art Academy of Latvia and the National Art Museum, Riga. Presented paper ,,Anti-ecology of digital sounds: a case analysis of Vaporwave\u201d.<a href=\"http:\/\/festival2017.rixc.org\/\">\u2013<\/a><strong><b><br \/><\/b><\/strong><span lang=\"lt-LT\">2016, 25th-26<\/span><span lang=\"lt-LT\">th<\/span><span lang=\"lt-LT\"> of November, international conference \u201eArt Future and Future State\u201c at the Art Academy of Latvia. Presented paper \u201eAspects of Artistic Research within Sound-image Studies\u201c.<\/span><br \/>2016, 11th and 12th of June \u2013 15th national conference of aesthetics and philosophy of art \u201edabartin\u0117 estetika ir meno filosofija: tarp tradicijos ir inovacij\u0173\u201c. Submitted paper \u201eMeninio tyrimo aspektai garsovaizd\u017eio studijose: lyginamoji atvej\u0173 analiz\u0117\u201c.<br \/>2016, 23rd of May \u2013 26th of May \u2013 \u201e3rd International Congress of Numanities\u201c. Submitted paper \u201eAspects of artistic research within the sound-image studies\u201c.<br \/>2016, 16th of May \u2013 \u201eThe Third Annual PhD conference in Philosophy Sociality and Subjectivity: Interrelation and Mutual Irreducibility\u201c. Submitted paper \u201eAspects of artistic research within the sound-image studies\u201c.<br \/>2016, 3rd and 4th of May \u2013 presentation of the research by the art PhD students of VAA. Submitted paper \u201eUniversalumo siekis gars\u0105 ver\u010diant vaizdu. W Kandinsky ir C. Nicolai k\u016brini\u0173 analiz\u0117\u201c.<br \/>2016, 28th of April \u2013 40th annual conference of the Lithuanian Academy of Music and Theater. Submitted paper \u201eGarso ir vaizdo ry\u0161iai pasitelkiant meninio tyrimo prieigas: i\u0161tak\u0173 ir atvej\u0173 analiz\u0117\u201c.<br \/>2015, 26th-29th of July \u2013 international conference \u201eM. K. \u010ciurlionis and the World\u201c. Submitted paper \u201erelations of sound and image in the creative practice of M. K. \u010ciurlionis and his contemporaries (W. Kandinsky, A. Scriabin, A. W. Rimington): comparative analysis\u201c.<br \/>2015, 30th of May \u2013 National conference of aesthetics and philosophy of art \u201eDabartin\u0117s estetikos, meno filosofijos ir meno sociologijos virsmai\u201c (the changes of contemporary aesthetics, art philosophy and art sociology). Submitted paper \u201eSocial Changes of the Concept of Aesthetics and the Influence of Technology on the Strategies of Transforming Sound into Image\u201c.<br \/>2015, 30th of April \u2013 presentation of the art PhD students research \u201eMnemosin\u0117s ledkalnis\u201c. Submitted paper \u201eTranslation as a Connection Between Image and Sound\u201c.<br \/>2014, 14th of June \u2013 National conference of aesthetics and philosophy of art \u201e\u010ciurlionio fenomenas: nauj\u0173 interpretacij\u0173 galimyb\u0117s\u201c (the phenomenon of \u010ciurlionis, the possibility of new interpretations). Submitted paper \u201erelations of sound and image in the works of \u010ciurlionis and his contemporaries (Scriabin, Kandinsky, Rimington)\u201c.<\/p>\n<\/div>\n\n\n<p class=\"\"><\/p>\n","protected":false},"excerpt":{"rendered":"<p>Vygintas Orlovas, born in 1989 in Kaunas, Lithuania, is an artist-researcher working in both the visual and audible art fields, while focusing on the relations, connections and interactions of these fields. Education and work:2022 &#8211; 2024 postdoctoral fellowship at Vilnius Academy of Arts;2022 &#8211; present member of the working group at Lumbung Radio and the [&hellip;]<\/p>\n","protected":false},"author":1,"featured_media":0,"parent":0,"menu_order":0,"comment_status":"closed","ping_status":"closed","template":"","meta":{"nf_dc_page":"","om_disable_all_campaigns":false,"jetpack_post_was_ever_published":false,"footnotes":""},"class_list":["post-4","page","type-page","status-publish","hentry"],"jetpack_sharing_enabled":true,"jetpack_shortlink":"https:\/\/wp.me\/PaB1Y8-4","_links":{"self":[{"href":"https:\/\/vygintasorlovas.com\/biography\/wp-json\/wp\/v2\/pages\/4","targetHints":{"allow":["GET"]}}],"collection":[{"href":"https:\/\/vygintasorlovas.com\/biography\/wp-json\/wp\/v2\/pages"}],"about":[{"href":"https:\/\/vygintasorlovas.com\/biography\/wp-json\/wp\/v2\/types\/page"}],"author":[{"embeddable":true,"href":"https:\/\/vygintasorlovas.com\/biography\/wp-json\/wp\/v2\/users\/1"}],"replies":[{"embeddable":true,"href":"https:\/\/vygintasorlovas.com\/biography\/wp-json\/wp\/v2\/comments?post=4"}],"version-history":[{"count":5,"href":"https:\/\/vygintasorlovas.com\/biography\/wp-json\/wp\/v2\/pages\/4\/revisions"}],"predecessor-version":[{"id":373,"href":"https:\/\/vygintasorlovas.com\/biography\/wp-json\/wp\/v2\/pages\/4\/revisions\/373"}],"wp:attachment":[{"href":"https:\/\/vygintasorlovas.com\/biography\/wp-json\/wp\/v2\/media?parent=4"}],"curies":[{"name":"wp","href":"https:\/\/api.w.org\/{rel}","templated":true}]}}